 f(x) = 59*x + 68. Calculate f(-4).
-168
Let r(j) = j**2 + 65*j - 404. Give r(-72).
100
Let p(s) = 6*s - 165. What is p(16)?
-69
Let g(s) = -5589*s + 16762. Calculate g(3).
-5
Let l(r) = -34*r**2 - 135*r + 4. What is l(-4)?
0
Let p(k) = -25*k - 425. What is p(-18)?
25
Let s(q) = -2*q**3 + 16*q**2 - 32*q + 43. Determine s(6).
-5
Let x(s) = s**3 + 40*s**2 - 137*s - 333. Give x(-43).
11
Let m(i) = 2*i**2 + 4*i - 72. Calculate m(12).
264
Let u(x) = x**2 - 24*x - 4215. Give u(-54).
-3
Let m(g) = -2*g**2 + 121*g + 1325. Calculate m(70).
-5
Let f(s) = 2*s**3 - 52*s**2 - 11*s + 27. Determine f(26).
-259
Let u(g) = -2*g**3 - 26*g**2 - 37*g - 114. Give u(-12).
42
Let u(q) = 21*q + 2025. What is u(-96)?
9
Let c(l) = -488*l + 2927. Determine c(6).
-1
Let n(h) = -4*h**2 - 5*h - 55. Determine n(-10).
-405
Let i(m) = -11*m**2 + 120*m - 219. Give i(2).
-23
Let t(z) = z**2 - 18*z - 277. Determine t(-10).
3
Let b(t) = 30*t - 70. Calculate b(2).
-10
Let f(m) = -344*m + 17868. What is f(52)?
-20
Let j(q) = -q**3 - 17*q**2 - 12*q + 86. Calculate j(-16).
22
Let b(u) = 2*u**3 + 288*u**2 + 5949*u - 115. Calculate b(-119).
4
Let p(n) = 613*n**2 - 9*n + 8. Give p(1).
612
Let g(b) = -19*b**2 + 168*b - 423. Determine g(4).
-55
Let v(s) = 17*s + 945. What is v(-54)?
27
Let i(v) = -v**2 - 4539*v + 22722. Give i(5).
2
Let u(y) = -4*y**2 - 43*y - 61. Determine u(-9).
2
Let d(j) = -8*j**2 - 58*j - 39. Give d(-7).
-25
Let x(t) = -5*t - 236. Calculate x(-43).
-21
Let k(b) = -14*b - 32. Calculate k(-9).
94
Let v(q) = q**2 + 28*q - 2649. Determine v(39).
-36
Let c(h) = 135*h**2 - 4457*h + 75. Calculate c(33).
9
Let k(d) = 11*d**3 + 1134*d**2 + 101*d - 207. Determine k(-103).
-1
Let w(l) = 2*l**3 + l**2 - 6. What is w(-2)?
-18
Let i(t) = -798*t + 4778. Calculate i(6).
-10
Let v(p) = 3*p**3 + 22*p**2 + 8*p + 11. Calculate v(-7).
4
Let n(r) = 2*r**3 - r**2 - 15*r + 1. Calculate n(3).
1
Let d(i) = -2*i**2 - 521*i + 21688. Calculate d(-297).
7
Let f(m) = 5*m**3 - 93*m**2 - 24*m - 275. What is f(19)?
-9
Let t(v) = -12*v + 302. Determine t(20).
62
Let j(h) = 6*h**2 + 45*h - 222. What is j(7)?
387
Let b(k) = -k**3 + 6*k**2 + 554*k - 1686. Determine b(3).
3
Let j(h) = 7*h**2 + 142*h + 304. Calculate j(-18).
16
Let t(r) = 68*r + 2401. What is t(-35)?
21
Let q(p) = -93*p + 1166. Give q(15).
-229
Let d(r) = -r**3 - 7*r**2 - 18*r - 22. Calculate d(-6).
50
Let w(h) = h**3 - 12*h**2 + 8*h - 50. Give w(10).
-170
Let q(v) = -34*v - 1016. Give q(-36).
208
Let w(v) = -598*v - 31699. Determine w(-53).
-5
Let c(g) = -19*g - 634. Determine c(-32).
-26
Let b(o) = -133*o + 650. Give b(8).
-414
Let o(y) = y**2 - 76*y - 596. Give o(-7).
-15
Let g(r) = 2*r**2 - 244*r + 2577. Calculate g(12).
-63
Let u(v) = -75*v + 2423. Determine u(32).
23
Let t(o) = -10*o**3 + o**2 - o + 122. Determine t(0).
122
Let h(y) = -y**2 - 28*y + 98. Determine h(-29).
69
Let i(r) = -6*r**3 - 5*r**2 + 63*r + 127. Determine i(-2).
29
Let l(u) = 7*u + 332. What is l(-67)?
-137
Let h(j) = 18*j**3 + 183*j**2 - 2*j - 318. Give h(-10).
2
Let s(o) = 2560*o - 12840. Determine s(5).
-40
Let t(u) = 110*u**2 - 23*u - 5. Calculate t(1).
82
Let u(f) = 81*f**2 - 7*f + 7. Determine u(1).
81
Let v(x) = -1434*x + 74556. Give v(52).
-12
Let u(j) = -j**3 - 21*j**2 - 111*j + 17. Calculate u(-11).
28
Let j(x) = x**3 - 23*x**2 - 30*x - 502. Determine j(25).
-2
Let p(d) = -64*d - 73. Calculate p(-3).
119
Let y(b) = -41*b**2 - 247*b + 1. What is y(-6)?
7
Let d(a) = 333*a - 6992. Calculate d(21).
1
Let t(f) = f**3 - 82*f**2 - 530*f + 181. What is t(88)?
5
Let l(w) = -w**2 + 931*w - 19105. Calculate l(21).
5
Let b(u) = u**3 + 30*u**2 + 108*u - 19. What is b(-4)?
-35
Let p(t) = -58*t - 1111. What is p(-18)?
-67
Let c(i) = -8*i**2 + 38*i + 12. Give c(5).
2
Let n(q) = -612*q**3 + 3*q**2 - 4*q - 7. What is n(-1)?
612
Let a(x) = x**3 + 10*x**2 - 70*x - 16. Determine a(-14).
180
Let x(i) = 2*i**3 - 36*i**2 + 11*i - 63. Determine x(18).
135
Let s(p) = -35*p - 2205. Give s(-63).
0
Let u(k) = 8*k + 128. Determine u(30).
368
Let h(v) = 128*v + 1005. What is h(-8)?
-19
Let d(o) = -53*o - 5080. Give d(-96).
8
Let y(j) = j**3 + 44*j**2 + 127*j + 171. Calculate y(-41).
7
Let l(i) = -7*i**2 - 10*i + 126. Give l(-5).
1
Let s(m) = 5*m**2 - 150*m - 9. Give s(0).
-9
Let a(m) = -200*m - 5202. Determine a(-26).
-2
Let t(j) = -2*j**3 - 20*j**2 - 23. What is t(0)?
-23
Let k(m) = 11*m - 262. Give k(-8).
-350
Let o(i) = -10*i + 450. Determine o(52).
-70
Let n(m) = -2*m**3 + 43*m**2 - 91*m - 73. Give n(19).
3
Let h(a) = a**2 - 21*a + 120. What is h(22)?
142
Let c(n) = 613*n - 6015. Determine c(10).
115
Let c(k) = k**2 + 175*k + 1675. Determine c(-10).
25
Let p(w) = -33*w + 1658. What is p(50)?
8
Let m(h) = -41*h + 68. Calculate m(-3).
191
Let t(a) = 2*a**3 + 12*a**2 + 229*a + 1368. Give t(-6).
-6
Let a(g) = -56*g + 2506. Give a(46).
-70
Let f(t) = -2*t**3 + 28*t**2 - 19*t + 4. Give f(13).
95
Let d(s) = -21*s + 276. Determine d(12).
24
Let p(c) = -24*c - 1034. Give p(-55).
286
Let n(m) = m**3 - 58*m**2 + 498*m - 900. What is n(48)?
-36
Let s(b) = 23*b - 378. What is s(28)?
266
Let u(w) = -w**3 - 10*w**2 - 6*w + 75. Give u(-8).
-5
Let m(u) = -2*u**3 - 43*u**2 - 53*u + 149. What is m(-20)?
9
Let i(x) = 3*x**2 + 14*x + 12. Give i(0).
12
Let f(z) = -3*z**3 + 234*z**2 - 231*z + 54. Determine f(77).
54
Let g(j) = -j**3 + 31*j**2 - 20*j + 256. Give g(31).
-364
Let i(c) = -30*c**2 + 344*c - 155. Determine i(11).
-1
Let a(x) = x**2 + 41*x + 226. What is a(-18)?
-188
Let k(j) = j**2 - 11*j - 8. Calculate k(13).
18
Let w(u) = 5*u**2 - 38*u + 18. What is w(7)?
-3
Let u(z) = -2*z**3 - 152*z**2 + 154*z + 44. Calculate u(-77).
44
Let v(i) = -9*i**3 + 2*i**2 + 9*i + 24. What is v(-3)?
258
Let t(h) = -h**3 + 24*h**2 - 6*h - 225. What is t(23)?
166
Let s(g) = -g**3 - 16*g**2 + 302*g + 114. Calculate s(-27).
-21
Let y(g) = 5*g**3 - 37*g**2 + 41*g - 1. Determine y(6).
-7
Let p(s) = 3*s**2 + 317*s - 3232. What is p(-115)?
-12
Let m(h) = -h**2 + 32*h - 467. What is m(0)?
-467
Let t(x) = -x**2 - 1751*x - 81751. What is t(-48)?
-7
Let d(u) = 2*u**2 - 184*u + 3168. Determine d(23).
-6
Let p(i) = -i**2 + 16*i + 4. What is p(16)?
4
Let y(v) = -16*v - 282. Give y(-19).
22
Let d(g) = -8*g**3 - 116*g**2 - 58*g - 39. Determine d(-14).
-11
Let l(a) = 2*a**3 - 20*a**2 - 43*a + 225. What is l(11)?
-6
Let y(s) = 7*s**2 - 7*s - 52. Calculate y(-8).
452
Let h(g) = -g**3 - 6*g**2 + 108*g + 27. Calculate h(8).
-5
Let f(l) = l**3 - 25*l**2 - 42*l - 280. Calculate f(27).
44
Let f(r) = -3*r**2 - 76*r - 92. Calculate f(-22).
128
Let c(i) = -2*i**2 + 8*i + 6. Determine c(-12).
-378
Let t(s) = -20*s - 114. What is t(16)?
-434
Let b(m) = m**3 - 2*m**2 + 13*m + 14. What is b(-1)?
-2
Let v(i) = i - 328. Give v(20).
-308
Let r(u) = 53*u**2 - 47*u + 1. What is r(1)?
7
Let o(q) = 2*q**2 - 39*q + 282. Calculate o(13).
113
Let h(k) = -17*k**3 - 45*k**2 - 2*k + 38. Determine h(-2).
-2
Let t(h) = h**3 + 86*h**2 + 167*h - 92. Determine t(-84).
-8
Let w(b) = -3*b**2 + 98*b + 190. What is w(-2)?
-18
Let p(v) = -3*v**2 - 103*v - 363. Calculate p(-4).
1
Let s(h) = -h**3 + 34*h**2 - 65*h - 923. Calculate s(31).
-55
Let m(i) = i**2 + 27*i - 142. Give m(-30).
-52
Let s(m) = -2*m**3 - 47*m**2 - 127*m - 3624. What is s(-24)?
0
Let s(y) = 14*y**2 - 60*y + 274. Determine s(4).
258
Let w(n) = 92*n - 5080. Determine w(56).
72
Let v(g) = -g**2 + 13*g + 911. Determine v(-24).
23
Let n(x) = 4*x**2 - 66*x - 194. Determine n(19).
-4
Let h(b) = -b**2 + 45*b - 149. Calculate h(7).
117
Let f(v) = 4*v**2 + 47*v - 36. What is f(-12)?
-24
Let o(a) = -2*a**2 + 11*a - 28. Calculate o(4).
-16
Let u(j) = -18*j**2 - 89*j - 10. Give u(-5).
-15
Let h(t) = t**3 + 37*t**2 + 32*t - 334. Determine h(-36).
-190
Let n(v) = -3*v**2 + 22*v + 1124. Determine n(-16).
4
Let a(o) = -o**3 + 7*o**2 - 2*o + 16. Calculate a(7).
2
Let b(n) = -23*n**2 - 682*n - 1841. What is b(-3)?
-2
Let p(g) = g**3 - 4*g**2 - 1368*g - 87. Calculate p(-35).
18
Let t(b) = b**2 - 55*b + 579. What is t(31)?
-165
Let i(t) = t**2 + 42*t + 388. What is i(-28)?
-4
Let g(b) = -2*b**3 + 23*b**2 + 10*b - 10. What is g(12)?
-34
Let q(l) = 68*l - 368. Give q(6).
40
Let o(l) = l**2 + 42*l + 372. Give o(-30).
12
Let s(c) = 40*c + 173. Determine s(-4).
13
Let o(n) = -2*n**3 - 22*n**2 - 77*n + 2. Determine o(-4).